d)?
-4
Let i(t) be the second derivative of t**6/720 + t**5/24 - t**4/6 - 2*t. Let b(a) be the third derivative of i(a). Determine b(-5).
0
Let g be ((-4)/1)/(-4) + 3/1. Let f(z) = 2*z - 2. Let j(v) = 3*v - 5. Let h = 6 - 9. Let q(a) = h*j(a) + 5*f(a). Determine q(g).
9
Let i(b) = b - 4. Let y(p) = 0 - p + 1 - 2. Let l(h) = -i(h) + 3*y(h). Give l(-2).
9
Let i = -11 - -9. Let c(p) = p**3 + 3*p**2 + 3*p + 3. Determine c(i).
1
Let h(v) be the first derivative of v**4/4 - 5*v**3/3 + v**2 + 4*v + 1. Let j(w) = w - 3. Let q be j(5). Suppose -4 = -q*o + o. Give h(o).
-4
Let f(q) = -q**2 - 6*q + 4. Let w be f(-6). Let a(t) = -t**3 + 5*t**2 - 3*t + 1. Calculate a(w).
5
Let l(v) = -v**2 + 5. Let a = 0 - -2. Let i = a + 0. Let o(p) = -p + 2. Let q be o(i). Give l(q).
5
Suppose q + 8 - 3 = 0. Let d(z) = -z**2 - 8*z - 5. What is d(q)?
10
Let m = 0 + -5. Let t be 6/(-2)*(-8)/6. Let d(v) = t*v - 3*v - 5 + 3. What is d(m)?
-7
Let q(w) be the third derivative of -w**5/60 - 7*w**4/12 + w**3/6 - 33*w**2. Determine q(-14).
1
Let l(o) = o - 1. Let w be ((-9)/3)/(-3) + -2. Let s(v) = 3*v - 2. Let d(q) = w*s(q) + 2*l(q). Determine d(5).
-5
Let h(m) = -2 + m**3 - 3*m + 3 + 0*m**2 + 9*m**2 + 11*m. Let y be h(-8). Let b(f) = -9*f. What is b(y)?
-9
Let p(k) = k + 8. Let q be p(-6). Suppose q = o - 1. Suppose o*s - 10 = 3*y + 2*y, -30 = 3*y + 3*s. Let i(w) = -w**2 - 7*w - 1. Calculate i(y).
9
Let r(d) = d**2 + 5*d - 2. Let n(h) = -h**2 + 8*h + 17. Let o be n(10). Calculate r(o).
-8
Let w(k) = k**3 + 3*k**2 - 4*k + 3. Let j(s) = 2*s - 6. Let v be j(4). Suppose a + 4 = 3. Let x be a/v*(2 - -6). Give w(x).
3
Let c(v) = v**3 - 6*v**2 + v - 10. Let h be (-6)/(-9)*(-11 - 1). Let z(j) = -3*j**3 + 18*j**2 - 4*j + 29. Let w(l) = h*c(l) - 3*z(l). What is w(5)?
-12
Let o = -7 - -11. Let q = 7 - 5. Let w(u) = -2*u + u**q - 3*u + 3*u - 2*u - 2. Calculate w(o).
-2
Let k be (1 - -1)*(-133)/(-14). Suppose 5*b = k + 1, -3*b = -5*a - 32. Let t(h) = 4 - 2 + h + 6. Give t(a).
4
Suppose 0 = 2*h + 3 + 5, 3*c = 5*h + 32. Let p = c - -3. Let u be 2/2 - (p + -7). Let t(k) = 11*k + 1. Give t(u).
12
Let w be (-4)/(-3)*(2 + 1). Let n(g) = g**3 + g**2 - 7*g - 6. Let y(d) = -d**3 + 6*d + 5. Let x(c) = -3*n(c) - 4*y(c). Give x(w).
2
Let z(n) = -n + 4. Let r(m) = -m - 8. Let y be r(-8). Suppose -2*l + 1 + 11 = y. Calculate z(l).
-2
Let m be 30/4*(-2)/(-3). Let x be (4 - m)*0/2. Let z(y) = -y - 1. What is z(x)?
-1
Let g(r) = r**2 + 6*r + 2. Let f(k) be the second derivative of k**5/20 + k**4/3 + k**3/6 - 3*k**2/2 - k. Let p be f(-3). Let z be p/(-6) + (-7)/2. Give g(z).
-6
Let i(t) = -15 + 20 - t**2 + 2*t**2 - 9. Let w = -7 + 10. Suppose -2*k = -k + w. Calculate i(k).
5
Let r be 2 + -1 - (3/3 + -3). Let k(g) = g**3 - 4*g**2 + 4. Give k(r).
-5
Let d = -13 - -6. Let f = 10 + d. Let r(u) = u**2 - 3*u - 3. Give r(f).
-3
Let n(d) = 23*d**3 + d**2 + d - 1. Let i be n(1). Suppose 8*g - i = 4*g. Let t(z) = 1 - 1 + g*z + z**2 - 3. Give t(-5).
-8
Let i(n) = 6*n**2 + n - 4. Let y(b) = 5*b**2 + 2*b - 4. Let o(r) = 3*i(r) - 4*y(r). What is o(-4)?
-8
Let c = -14 + 10. Let n(a) = a + 2. Give n(c).
-2
Let l(t) = -t**2 + 3*t + 4. Let q(i) be the second derivative of i**3/3 + i**2/2 + 3*i. Let c be q(1). What is l(c)?
4
Let q = -2 + 5. Suppose -q*t = -0*t. Suppose -5*i + 0*l = -l + 20, 4*l = t. Let p(w) = -w**3 - 4*w**2 - w. Determine p(i).
4
Let g(l) = -5*l + 8 + 8 - 13. Give g(2).
-7
Suppose 6*f - 40 = 5*c + 5*f, 5*f = -2*c - 16. Let w(g) = -g - 8. Calculate w(c).
0
Suppose 0*z = 5*y - 5*z - 25, -2*z - 19 = -5*y. Let l(i) = 2*i**2 - 6*i + 1. Let d(a) = a**2 - 3*a + 1. Let p(f) = y*l(f) - 5*d(f). What is p(2)?
-4
Let t(g) = -g**2 + 6*g - 1. Let s be t(6). Let q(l) be the second derivative of 7*l**4/12 + l**3/6 + 5*l. What is q(s)?
6
Suppose -m - 4 = -5. Let u(i) = 7*i - 1. Let o(h) = -35*h + 6. Let p(t) = 2*o(t) + 11*u(t). What is p(m)?
8
Let t(w) = -w + 1. Let i(k) = -k**2. Let o(b) = -5*i(b) + t(b). What is o(1)?
5
Let g = 8 + -6. Let k = g + 3. Suppose -k = -0*o - o. Let f(y) = -y**3 + 5*y**2 + 2*y + 2. Calculate f(o).
12
Let z(y) = 3*y**2 - 7*y + 6. Suppose g + 5*r = -6, 4*r = 2*g - 6*g + 8. Give z(g).
26
Let y(g) = -5*g**2 - 7*g**2 + 2 + 11*g**2. Determine y(2).
-2
Let q(p) = -9 - 97*p**2 - p**3 + 102*p**2 + 3. Give q(5).
-6
Let t(l) = l**2 + 2*l - 7. Let i be t(-3). Let p(g) = -g**2 + g + 5. What is p(i)?
-15
Let a(g) = g - 5. Let m(y) = -2. Let n(q) = 3*a(q) - 8*m(q). What is n(-5)?
-14
Suppose 3*a = 4*l - 25, l - 1 = -2*a + a. Let c be -2 - (2 + -7) - 0. Let g(f) = -f**2 + 1 - f**3 + 2*f**c - 3*f**2. Determine g(l).
1
Let x(u) = 0*u + 1 - 2*u**2 + 3*u - 2*u - 3*u. Calculate x(1).
-3
Let o(y) = 7*y. Let j be (-3)/(-2)*8/6. Let h be ((-5)/(-15))/(j/30). Let i = -6 + h. Calculate o(i).
-7
Suppose 6*w + 40 = w. Let u = w + 5. Let g(h) be the third derivative of h**6/120 + h**5/20 + 2*h**3/3 - h**2. Calculate g(u).
4
Let v(k) = -k**3 - 6*k**2 - 1. Let a = -7 - -1. Determine v(a).
-1
Suppose 3*l = 8*l + 15. Let j(p) = -11*p - 4. Let x(d) = 2 - 5 + 5 + 5*d. Let f(g) = -2*j(g) - 5*x(g). What is f(l)?
7
Suppose -5*l = 2 + 13. Let d(b) = b**3 + b**2 + b - 1. Let k(r) = -4*r**3 - r**2 - 3*r + 2. Let f(m) = -5*d(m) - k(m). What is f(l)?
0
Suppose 0 = -2*b + 4, -6*y = -2*y - 3*b - 18. Let w(i) = -i - 1. Determine w(y).
-7
Let t(m) = -2*m**3 - 4*m**2 + 2*m + 3. Let z(a) = a**2 - 8*a - 3. Let f be z(8). What is t(f)?
15
Let d(i) be the second derivative of -i**5/10 + i**4/24 + 5*i**3/6 + 5*i. Let w(g) be the second derivative of d(g). Give w(-1).
13
Let w be 16/(-56) - (-2)/7. Let l be -1*(w + 1) - 9. Let h = 15 + l. Let b(r) = -2*r + 6. Calculate b(h).
-4
Let n(c) = -c**2 - 8*c - 6. Let w(z) = -5*z**3 + z**2 - 1. Let t be -1 + 0 + 1 - -1. Let b be w(t). Determine n(b).
9
Let r(h) = -h**3 - 5*h**2 + 6*h - 7. Let c = -38 - -32. Give r(c).
-7
Suppose 6*n - 4 = 7*n. Let h(j) = j**2 + 7*j + 6. What is h(n)?
-6
Let o(n) = -n - 4. Let j be o(-6). Let y(z) = 4*z - j*z - 3*z. Let h be (-1)/(-4) - 17/4. Give y(h).
4
Let b be (0/2 - 0)*(-5)/(-10). Let k(l) = l - 22. Calculate k(b).
-22
Let x(a) = a**3 + 4*a**2 - 8*a - 4. Let u(l) = 18*l**2 - 2. Let v be u(-2). Let c = 100 - v. Suppose -4*h - c = -10. Determine x(h).
11
Let q(h) be the third derivative of -h**5/60 + h**4/3 - 4*h**3/3 + 11*h**2. Calculate q(6).
4
Let u(g) = -5*g**2 - 4*g + 1. Let v(t) = -t. Let o(s) = -u(s) + 4*v(s). What is o(2)?
19
Let o(f) = 0*f + 13 - 5 - 2*f. What is o(6)?
-4
Let y(w) = -w**3 - 6*w**2 - 2*w - 8. Let k be y(-6). Let m(p) be the second derivative of 0*p**2 + 0 + 1/6*p**3 - 4*p. Determine m(k).
4
Let x be 4 - (-1 - 0/3). Let b(y) = 3*y - 6. Let s(l) = -4*l + 6. Let f be 0/(-1) + 4*1. Let p(w) = f*s(w) + x*b(w). Calculate p(-3).
-3
Let y(b) = 3*b**3 + b**3 - 5*b**3 - 3*b**3 + 4*b + 6 - 11*b**2. Let h(t) = 5*t**3 + 12*t**2 - 4*t - 7. Let j(i) = 5*h(i) + 6*y(i). Calculate j(5).
-4
Let l(x) = x**3 - 3*x**2 + 2*x - 2. Let p(g) be the third derivative of -g**6/120 - g**5/15 + g**4/4 + 7*g**3/6 - g**2. Let r be p(-5). Determine l(r).
-2
Let g(h) = 3*h**3 - 3*h + 1 + 3*h. Let a(i) = 8*i - 103. Let c be a(13). Give g(c).
4
Let w(x) = -9 + 4*x**2 - 2*x**3 + 3*x - 2*x**3 + 10 + x**3. Let i be w(-2). Suppose 3*o = -15, 5*o = 3*p - i + 4. Let u(d) = -4*d - 1. Give u(p).
-9
Let z(a) be the second derivative of 0 - 1/4*a**4 + 1/3*a**3 - 3*a**2 + 2*a. Let j(v) = -8*v**2 + 6*v - 17. Let b(q) = 4*j(q) - 11*z(q). Calculate b(-3).
1
Let u(i) = -i**3 + 2*i - 1. Let r be u(1). Suppose -15 = -2*n - 3*n + 5*v, 2*n - v - 3 = r. Let t(j) = j**2 - j + 9. What is t(n)?
9
Let s(x) = -5 + 2 + 2*x + 4. Suppose 2*o = -0 + 2. Suppose 4*y + 15 = 3*r + o, 0 = 4*r - 2*y - 12. What is s(r)?
5
Suppose -4*i + 40 = 4*n, -5*n - 20 = -2*i - 3*i. Let z(u) = u**3 - 6*u**2 - 5*u - 1. Give z(i).
13
Let n(s) = 2 + 5 + s - 6 + s. Give n(-1).
-1
Let r(p) = -5*p - p + 2 + p**2 + 2*p. Let u(j) = j**3 - 3*j**2 + j + 2. Let t be 1/(1/5) - 2. Let h be u(t). Determine r(h).
7
Let u(b) = b**2 - 5*b - 1. Let z(w) = -w**3 + w - 1. Let c be z(-2). Suppose 0*o + 30 = c*o. What is u(o)?
5
Let j(d) = -d**3 + 4*d**2 - d - 4. Suppose -5*i = 3*v - 32, 4*i - 3 - 5 = 2*v. Calculate j(v).
-8
Let m(u) = u**3 - 37*u**2 + 37*u - 30. Let s be m(36). Suppose -2 + 5 = i. Let t(g) = 2*g - i*g - 3 + 2*g. Give t(s).
3
Let q